{"id":525,"date":"2020-07-24T14:56:36","date_gmt":"2020-07-24T13:56:36","guid":{"rendered":"http:\/\/aaabogados.es\/?page_id=525"},"modified":"2020-09-02T14:52:19","modified_gmt":"2020-09-02T13:52:19","slug":"presupuesto","status":"publish","type":"page","link":"http:\/\/aaabogados.es\/?page_id=525","title":{"rendered":"Presupuesto"},"content":{"rendered":"\t\t<div data-elementor-type=\"wp-page\" data-elementor-id=\"525\" class=\"elementor elementor-525\" data-elementor-settings=\"[]\">\n\t\t\t\t\t\t<div class=\"elementor-inner\">\n\t\t\t\t\t\t\t<div class=\"elementor-section-wrap\">\n\t\t\t\t\t\t\t<section class=\"elementor-section elementor-top-section elementor-element elementor-element-56bc4e9 elementor-section-boxed elementor-section-height-default elementor-section-height-default\" data-id=\"56bc4e9\" data-element_type=\"section\">\n\t\t\t\t\t\t<div class=\"elementor-container elementor-column-gap-default\">\n\t\t\t\t\t\t\t<div class=\"elementor-row\">\n\t\t\t\t\t<div class=\"elementor-column elementor-col-100 elementor-top-column elementor-element elementor-element-22726665\" data-id=\"22726665\" data-element_type=\"column\">\n\t\t\t<div class=\"elementor-column-wrap elementor-element-populated\">\n\t\t\t\t\t\t\t<div class=\"elementor-widget-wrap\">\n\t\t\t\t\t\t<div class=\"elementor-element elementor-element-71eeeeb0 elementor-widget elementor-widget-text-editor\" data-id=\"71eeeeb0\" data-element_type=\"widget\" data-widget_type=\"text-editor.default\">\n\t\t\t\t<div class=\"elementor-widget-container\">\n\t\t\t\t\t<div class=\"elementor-text-editor elementor-clearfix\"><p><span style=\"color: #322187;\"><strong>Puede solicitar su presupuesto a trav\u00e9s del siguiente formulario.<\/strong><\/span><\/p><p><strong><span style=\"color: #322187;\">Tambi\u00e9n tiene disponible nuestra p\u00e1gina de<\/span> <span style=\"color: #00ccff;\"><a style=\"color: #00ccff;\" href=\"https:\/\/www.facebook.com\/abogadosguia\/\">Facebook<\/a>, <a style=\"color: #00ccff;\" href=\"mailto:info@aaabogados.es\" target=\"_blank\" rel=\"noopener\">e-mail<\/a><\/span><\/strong><\/p><p><strong><span style=\"color: #00ccff;\"><span style=\"color: #322187;\">o tambi\u00e9n por<\/span> Whatsapp\u00a0<\/span><\/strong><\/p><pre><span style=\"color: #000000;\">(Pinchar sobre el nombre para abrir su whatsapp)<\/span><\/pre><ul><li><a href=\"https:\/\/wa.me\/34639837957\"><span style=\"color: #322187;\"><b>Aar\u00f3n Monz\u00f3n<\/b><\/span><\/a><\/li><li><a href=\"https:\/\/wa.me\/34650933270\"><span style=\"color: #322187;\"><b>Adolfo Aymar<\/b><\/span><\/a><\/li><li><a href=\"https:\/\/wa.me\/34626378204\"><span style=\"color: #322187;\"><b>Cristina Sosa<\/b><\/span><\/a><\/li><\/ul><p><span style=\"color: #322187;\"><strong>\u00a0<\/strong><\/span><\/p><div role=\"form\" class=\"wpcf7\" id=\"wpcf7-f120-o1\" lang=\"en-US\" dir=\"ltr\">\n<div class=\"screen-reader-response\" role=\"alert\" aria-live=\"polite\"><\/div>\n<form action=\"\/index.php?rest_route=%2Fwp%2Fv2%2Fpages%2F525#wpcf7-f120-o1\" method=\"post\" class=\"wpcf7-form init\" novalidate=\"novalidate\">\n<div style=\"display: none;\">\n<input type=\"hidden\" name=\"_wpcf7\" value=\"120\" \/>\n<input type=\"hidden\" name=\"_wpcf7_version\" value=\"5.2.2\" \/>\n<input type=\"hidden\" name=\"_wpcf7_locale\" value=\"en_US\" \/>\n<input type=\"hidden\" name=\"_wpcf7_unit_tag\" value=\"wpcf7-f120-o1\" \/>\n<input type=\"hidden\" name=\"_wpcf7_container_post\" value=\"0\" \/>\n<input type=\"hidden\" name=\"_wpcf7_posted_data_hash\" value=\"\" \/>\n<\/div>\n<p><label> Tu nombre (requerido)<br \/>\n    <span class=\"wpcf7-form-control-wrap your-name\"><input type=\"text\" name=\"your-name\" value=\"\" size=\"40\" class=\"wpcf7-form-control wpcf7-text wpcf7-validates-as-required\" aria-required=\"true\" aria-invalid=\"false\" \/><\/span> <\/label><\/p>\n<p><label> Tu Email (requerido)<br \/>\n    <span class=\"wpcf7-form-control-wrap your-email\"><input type=\"email\" name=\"your-email\" value=\"\" size=\"40\" class=\"wpcf7-form-control wpcf7-text wpcf7-email wpcf7-validates-as-required wpcf7-validates-as-email\" aria-required=\"true\" aria-invalid=\"false\" \/><\/span> <\/label><\/p>\n<p><label> Asunto<br \/>\n    <span class=\"wpcf7-form-control-wrap your-subject\"><input type=\"text\" name=\"your-subject\" value=\"\" size=\"40\" class=\"wpcf7-form-control wpcf7-text\" aria-invalid=\"false\" \/><\/span> <\/label><\/p>\n<p><label> Exponga pormenorizadamente el asunto<br \/>\n    <span class=\"wpcf7-form-control-wrap your-message\"><textarea name=\"your-message\" cols=\"40\" rows=\"10\" class=\"wpcf7-form-control wpcf7-textarea\" aria-invalid=\"false\"><\/textarea><\/span> <\/label><\/p>\n<p><input type=\"submit\" value=\"Solicitar Presupuesto\" class=\"wpcf7-form-control wpcf7-submit\" \/><\/p>\n<div class=\"wpcf7-response-output\" role=\"alert\" aria-hidden=\"true\"><\/div><\/form><\/div><\/div>\n\t\t\t\t<\/div>\n\t\t\t\t<\/div>\n\t\t\t\t\t\t<\/div>\n\t\t\t\t\t<\/div>\n\t\t<\/div>\n\t\t\t\t\t\t\t\t<\/div>\n\t\t\t\t\t<\/div>\n\t\t<\/section>\n\t\t\t\t\t\t<\/div>\n\t\t\t\t\t\t<\/div>\n\t\t\t\t\t<\/div>\n\t\t","protected":false},"excerpt":{"rendered":"<p>Puede solicitar su presupuesto a trav\u00e9s del siguiente formulario. Tambi\u00e9n tiene disponible nuestra p\u00e1gina de Facebook, e-mail o tambi\u00e9n por Whatsapp\u00a0 (Pinchar sobre el nombre para abrir su whatsapp) Aar\u00f3n Monz\u00f3n Adolfo Aymar Cristina Sosa \u00a0<\/p>\n","protected":false},"author":2,"featured_media":0,"parent":0,"menu_order":0,"comment_status":"closed","ping_status":"closed","template":"","meta":[],"_links":{"self":[{"href":"http:\/\/aaabogados.es\/index.php?rest_route=\/wp\/v2\/pages\/525"}],"collection":[{"href":"http:\/\/aaabogados.es\/index.php?rest_route=\/wp\/v2\/pages"}],"about":[{"href":"http:\/\/aaabogados.es\/index.php?rest_route=\/wp\/v2\/types\/page"}],"author":[{"embeddable":true,"href":"http:\/\/aaabogados.es\/index.php?rest_route=\/wp\/v2\/users\/2"}],"replies":[{"embeddable":true,"href":"http:\/\/aaabogados.es\/index.php?rest_route=%2Fwp%2Fv2%2Fcomments&post=525"}],"version-history":[{"count":11,"href":"http:\/\/aaabogados.es\/index.php?rest_route=\/wp\/v2\/pages\/525\/revisions"}],"predecessor-version":[{"id":607,"href":"http:\/\/aaabogados.es\/index.php?rest_route=\/wp\/v2\/pages\/525\/revisions\/607"}],"wp:attachment":[{"href":"http:\/\/aaabogados.es\/index.php?rest_route=%2Fwp%2Fv2%2Fmedia&parent=525"}],"curies":[{"name":"wp","href":"https:\/\/api.w.org\/{rel}","templated":true}]}}